2*t. Let j = -26 - -23. What is the remainder when 18 - (-2 + j + 1) is divided by o?
10
Suppose 4*k - 2216 - 7016 = 4*n, 6932 = 3*k + 5*n. Calculate the remainder when k is divided by 70.
69
Let p(a) = -24*a - 1. Let t be p(2). Let o = t - -90. What is the remainder when o is divided by 14?
13
Suppose 4*h = -5*s + 320, 151 = s + s - 3*h. Suppose -g - 78 = g. Let t = g + s. What is the remainder when t is divided by 15?
14
Suppose -3*u - 48 = 4*w, 0 = 2*u - 2*w + 3 + 15. Calculate the remainder when 24 is divided by 3 + u/4 + 9.
6
Let r = 201 + -344. Let a = r + 239. What is the remainder when a is divided by 33?
30
Let t(c) = c**3 + 11*c**2 - 12*c + 8. Suppose -r = r + 24. What is the remainder when 12 is divided by t(r)?
4
Suppose -5*y - 54 = -4*q, 4*y - 28 = -3*q + 28. Suppose -o - 3 + q = -3*g, -g = 3*o - 79. What is the remainder when (504/(-40) - -3)/((-2)/10) is divided by o?
23
Let a(m) = -m**3 + 8*m**2 + 10*m - 6. Let u be a(9). Let j be ((-6)/(-2))/(u/13). Calculate the remainder when j/(2 - (-3)/(-2)) is divided by 14.
12
Suppose -5*u = -2*z + 137, z - 4*u - 39 = 34. Calculate the remainder when z is divided by 24.
13
Suppose 24905 = 39*v - 20101. What is the remainder when v is divided by 17?
15
Suppose 0 = -0*g - g. Let d(i) = i**3 + 4. Let q be d(g). Suppose r - z = 18, -q*z + 2 = 2*r - 4. Calculate the remainder when 50 is divided by r.
11
Suppose 42*h - 38*h = 528. Calculate the remainder when 657 is divided by h.
129
Let t = 83 + -67. Suppose 0 = 12*i - t*i + 56. Let x = -21 - -90. Calculate the remainder when x is divided by i.
13
Let r = 0 + 5. Suppose -5*q + r = 4*m, q - 7 = m - 3*m. What is the remainder when 18 is divided by m?
3
What is the remainder when 69 is divided by ((-16)/20)/((-4)/20) - -32?
33
Calculate the remainder when 267 is divided by (-418)/(-1463) - 290/(-14).
15
Suppose -3*a + 24 = -2*u, 2*a = -7*u + 3*u + 16. Let c = 8 + -4. Calculate the remainder when c is divided by (-11)/(-3) - a/12.
1
Let u be (-4)/(-3)*(-174)/(-4). Let p = -31 + u. Calculate the remainder when 107 is divided by p.
26
Suppose -3*r + 107 = 4*h, 23*h - 2*r = 24*h - 33. What is the remainder when 52 is divided by h?
6
Let m = -73 - -156. Calculate the remainder when m is divided by 12.
11
Calculate the remainder when (-5)/(-2)*(-296)/(-370) is divided by 2.
0
Suppose 0 = -3*i, -7*i - 42 = -n - 4*i. Calculate the remainder when 117 is divided by n.
33
Calculate the remainder when (-1 - 0)*(-46 - -7) is divided by 14.
11
Let u(v) = v**3 + 7*v**2 - 2*v - 11. What is the remainder when 70 is divided by u(-6)?
33
Let y(w) = 42*w**2 - 2*w - 2. Let r = -213 + 380. Calculate the remainder when r is divided by y(-1).
41
Calculate the remainder when 331 is divided by ((-126)/15)/((-166)/80 - -2).
107
Suppose 0 = -2*f + 2*u + 2, 0*f = 2*f - 3*u. What is the remainder when 6/(-2)*(-40)/12 + f is divided by 4?
1
Let q = -4 - -9. Suppose -19 = -2*j + 5*s, -q*j + 61 = 4*s - 3*s. What is the remainder when j is divided by 5?
2
Let h(g) = -g**2 + 48*g + 25. Calculate the remainder when h(11) is divided by 29.
26
Let z(d) = -d**3 - 7*d + 6. Let r(t) = 3*t + 2. Let n be r(-2). Calculate the remainder when z(n) is divided by 33.
32
Let q(h) = 17*h**2 - h - 2. Let s be q(-1). Suppose 3*b - 20 = 8*b. Let i = b + s. Calculate the remainder when 35 is divided by i.
11
Suppose 2*p + 2*p = -4*s + 640, -5*p + 750 = -5*s. Let q(c) = c + 7. Let v be q(-5). Suppose -v*d + p = 21. What is the remainder when d is divided by 17?
16
Suppose 3*f = 2 + 7. Let a(h) = 3*h**2 - 3. Let y be a(-2). Calculate the remainder when 83 is divided by (28/f)/(y/27).
27
Suppose -5*o - 425 = 5*s, 5*s + 175 = -2*o + 2*s. Let c = o + 125. Suppose c - 5 = 5*q. What is the remainder when 30 is divided by q?
6
Let l(x) = x**3 + x + 3. Suppose -108 = -4*r + r. Calculate the remainder when r is divided by l(2).
10
Let c(t) = -t**3 + t**2 - t - 43. Let p be c(0). Calculate the remainder when (-1 + 2)*-2 - p is divided by (-312)/(-22) - 2/11.
13
Let f(x) = -33 - 2*x - 18*x**2 - 4*x**2 + 23*x**2. What is the remainder when 71 is divided by f(8)?
11
Let t be ((-36)/(-8))/(2 - (-11)/(-4)). Suppose -o + 12 = h + 3*o, 3*h = -3*o. Calculate the remainder when 50 is divided by 459/18*h/t.
16
Suppose g - 5 = 0, 2*g - 316 = -5*k + 1254. Calculate the remainder when k is divided by 3.
0
What is the remainder when 439 is divided by (6/(-24)*-22)/((-2)/(-16))?
43
Let i(l) be the first derivative of 3*l**3 + l**2 - 2*l - 7. Let a be i(-3). Suppose 2*w = 51 + a. What is the remainder when w is divided by 13?
10
Suppose -t + 12 + 15 = r, t - 21 = -3*r. Let z = 2950 - 2934. What is the remainder when t is divided by z?
14
Suppose p = 66 + 8. What is the remainder when p is divided by (-19 + 0)*(-5 + 4)?
17
Let v(k) = 21*k + 2633. Let t(y) = y**2 - 4*y. Calculate the remainder when v(-123) is divided by t(6).
2
Let t = -6 + 66. Suppose 0 = -0*n + n + 3*m - t, -n = 5*m - 58. Calculate the remainder when n is divided by 33.
30
Let m be (-18)/(-24)*23*4. Suppose -2*x - 3*n + 13 = 0, -4*x - n - 18 = -m. Calculate the remainder when 25 is divided by x.
11
Calculate the remainder when 654*(-16)/(-24) - -4 is divided by 216.
8
Let y = 25 - 2. Suppose -y = -2*x + 3*l, -3*x - l - 10 = -4*x. Calculate the remainder when 60 is divided by x.
4
Suppose -72 - 162 = -6*f. What is the remainder when 193 is divided by f?
37
Let q(a) be the first derivative of -a**3/3 - 29*a**2/2 - 33*a - 9. What is the remainder when 103 is divided by q(-27)?
19
Suppose -o + 15*w - 17*w + 58 = 0, 98 = 2*o - 2*w. Calculate the remainder when 619 is divided by o.
47
Let k = -804 - -864. Calculate the remainder when 75 is divided by k.
15
Suppose 8 = k + 4*f, -4*k + 8*k - 2*f = -4. Suppose k*i + 5*i + 80 = 0. Let o = i + 102. What is the remainder when o is divided by 22?
20
Suppose -346 = -3*h - k, 5*h + 11*k = 8*k + 582. What is the remainder when 2392 is divided by h?
112
Suppose 0*z = -z + 24. Calculate the remainder when 235 is divided by z.
19
Let n = -14744 + 14785. Let l(i) = 21*i**2 - i + 1. What is the remainder when n is divided by l(1)?
20
Let q(b) = -2*b - 4. Let g be q(-2). Suppose p - 2*l = -p + 18, g = -4*p + 5*l + 38. What is the remainder when 27/(-6)*(-4 - 0) is divided by p?
4
Suppose -4*m + 11 + 7 = -3*p, -21 = -5*m + 3*p. Suppose 4*g - 290 = 5*b - g, 2*g = m*b + 172. Let q = -23 - b. Calculate the remainder when q is divided by 9.
6
Suppose -3*i + 48 = 3*w, 4*i = w + 4*w - 44. Calculate the remainder when 107 is divided by w.
11
Let m(b) = b**3 - 7*b**2 - 7*b + 4. Suppose 3*t - 12 = 3*i, -4*i = -4*t - 8*i + 48. Let n = -53 + 98. Calculate the remainder when n is divided by m(t).
9
Suppose 41 = 9*v + 5. Calculate the remainder when 4 is divided by v.
0
Let g = 1364 + -1271. What is the remainder when g is divided by 17?
8
Suppose -3 = -2*x - 11, -l = -5*x - 24. Suppose l*b = -0*b - 3*d + 6, -b = -2*d - 7. Calculate the remainder when 7 is divided by b.
1
Let f = 814 + -807. Calculate the remainder when 138 is divided by f.
5
Let o = -68 + 75. What is the remainder when o is divided by 2?
1
Calculate the remainder when ((-1)/(-1)*69 - 0) + -1 is divided by 18.
14
Suppose -30*m = -22*m - 64. Calculate the remainder when 179 is divided by m.
3
Suppose 2286 = 3*r - 1575. Calculate the remainder when r is divided by 92.
91
Let l = -77 - -77. Suppose -2*y = -i + 60, 5*i - 3*y + 38 - 303 = l. Calculate the remainder when i is divided by 26.
24
Let b = -205 + 249. Calculate the remainder when b is divided by 18.
8
Suppose 32*d = -2*y + 29*d + 67, y - 2*d - 30 = 0. Let o = -96 + 222. What is the remainder when o is divided by y?
30
Let m be (1 + -17)*(-1)/2. Suppose 5*o = 5*r - m*r + 1, -3*r - 13 = -2*o. Let a(d) = d**2 - d - 22. What is the remainder when a(6) is divided by o?
0
Suppose 0 = 29*a - 32*a + 504. What is the remainder when a is divided by 25?
18
Let y(o) = -o + 32. What is the remainder when y(16) is divided by 5?
1
Let q be 2*(-1 - 5/10). What is the remainder when q/2*(-318)/9 is divided by 14?
11
Let j(q) = -2*q**2 - 2*q + 2. Let h be j(-2). Let c = -4 + 34. Calculate the remainder when c is divided by h*4/(8/(-11)).
8
Let n = -15 + 20. Calculate the remainder when n/(-20) + 322/8 is divided by 23.
17
Let r = -18